*g - 34. What is k(4)?
-26
Let c(p) = -12*p + 471. Give c(10).
351
Let x(m) = -84*m + 136. Determine x(4).
-200
Let w(l) = -l**2 - 121*l - 3646. Give w(-57).
2
Let x(s) = 2*s**3 + 55*s**2 - 34*s - 2. Give x(-28).
166
Let o(d) = 3*d**2 - 36*d - 220. Determine o(-6).
104
Let o(t) = -125*t + 4704. Determine o(37).
79
Let t(q) = -23*q**2 + 16*q - 14. Determine t(2).
-74
Let u(n) = -n**3 + 15*n**2 + 44*n - 149. Determine u(17).
21
Let x(d) = 2855*d - 57105. Calculate x(20).
-5
Let c(n) = -3*n**2 - 328*n + 1006. Give c(3).
-5
Let d(p) = -38*p + 773. Give d(15).
203
Let v(l) = -11*l - 60. Give v(-5).
-5
Let p(o) = -262*o**2 - 2087*o + 31. What is p(-8)?
-41
Let a(z) = -z**3 + 3*z**2 - 37*z + 93. Determine a(3).
-18
Let q(z) = -z**3 - 168*z**2 + 687*z - 213. Determine q(-172).
-41
Let l(k) = 557*k - 4458. Calculate l(8).
-2
Let g(k) = -k**2 - 6*k + 1021. Determine g(-35).
6
Let l(z) = -4*z**2 - 125*z + 374. Determine l(-34).
0
Let a(r) = 404*r - 32316. What is a(80)?
4
Let k(a) = -a**3 - 11*a**2 - 18*a + 7. Calculate k(-3).
-11
Let w(b) = -b**3 - b**2 - 12*b - 522. Calculate w(0).
-522
Let u(s) = -9*s**2 + 148*s + 24. Calculate u(7).
619
Let a(s) = -19*s - 587. What is a(-32)?
21
Let q(r) = r**2 + 37*r - 292. Give q(-44).
16
Let r(o) = 45*o**2 - 91*o + 1. Give r(2).
-1
Let w(h) = -3*h**3 - 75*h**2 - 2*h - 79. Calculate w(-25).
-29
Let z(j) = j**3 - 40*j**2 - 442*j + 2798. Give z(48).
14
Let t(y) = 4*y - 78. What is t(5)?
-58
Let k(l) = 27*l**2 - 205*l + 30. Give k(7).
-82
Let k(p) = -22*p - 51. What is k(-2)?
-7
Let c(z) = -213*z**2 + 1710*z - 46. What is c(8)?
2
Let o(f) = f**2 + 15*f + 34. Determine o(-14).
20
Let w(x) = x**3 - 8*x**2 - 15*x + 105. Calculate w(8).
-15
Let z(n) = n**3 + 48*n**2 - 362*n + 217. What is z(6)?
-11
Let w(f) = -f**3 - 20*f**2 - 71*f - 339. What is w(-17)?
1
Let k(t) = -t**3 + 34*t**2 - 60*t - 61. What is k(32)?
67
Let r(a) = a**2 + 18*a - 23. What is r(-21)?
40
Let k(y) = -5*y**2 + 86*y - 332. What is k(11)?
9
Let k(t) = -t**3 + 2*t**2 + 27. Calculate k(5).
-48
Let z(k) = -1729*k - 22481. What is z(-13)?
-4
Let n(p) = 30*p**2 - 112*p - 65. Calculate n(4).
-33
Let c(u) = u**3 - 3*u**2 + 290*u - 864. Determine c(3).
6
Let z(w) = -w**2 + 30*w + 14. What is z(-10)?
-386
Let d(i) = 400*i + 790. What is d(-2)?
-10
Let b(u) = 3*u**3 - 2*u**2 + 4*u - 7. What is b(4)?
169
Let s(f) = -5*f**2 - 86*f + 74. Give s(-17).
91
Let g(q) = -11*q + 687. Calculate g(63).
-6
Let n(b) = 305*b - 614. What is n(2)?
-4
Let i(o) = -13*o + 355. Give i(27).
4
Let n(k) = -5*k**3 + 26*k**2 + 5*k - 5. What is n(5)?
45
Let l(s) = 21*s - 1648. Give l(79).
11
Let y(l) = -155*l + 456. Determine y(3).
-9
Let w(y) = -y**2 - 33*y - 228. Determine w(-45).
-768
Let z(y) = -60*y**2 + 2052*y - 398. What is z(34)?
10
Let i(f) = -2*f**2 - 96*f - 813. Determine i(-11).
1
Let f(y) = -y**3 - 108*y**2 - 2342*y - 168. Calculate f(-78).
-12
Let m(g) = 635*g + 6309. Give m(-10).
-41
Let i(l) = -l**3 - 37*l**2 - 10*l - 238. Determine i(-37).
132
Let j(m) = 24*m - 2218. Give j(91).
-34
Let h(k) = 15*k**2 + 26*k + 56. Give h(7).
973
Let l(f) = 78*f + 3476. Calculate l(-41).
278
Let j(c) = -39*c**3 - 3*c**2 - 3*c - 6. What is j(-2)?
300
Let p(j) = -7*j**2 + 1230*j + 350. Calculate p(176).
-2
Let r(t) = t**3 - 17*t**2 + 19*t - 191. What is r(16)?
-143
Let p(y) = 10*y**2 - 63*y - 63. What is p(-1)?
10
Let k(v) = -4*v**2 - 64*v + 65. What is k(-17)?
-3
Let h(b) = -b**2 + 143. Determine h(-12).
-1
Let t(y) = -97*y**2 - 38*y + 32. Calculate t(1).
-103
Let k(q) = -7*q + 65. Determine k(10).
-5
Let x(l) = 3*l**2 + 74*l + 36. Give x(0).
36
Let f(a) = -a**2 + 45*a + 636. Determine f(-12).
-48
Let t(p) = -3*p**2 - 1062*p - 3154. What is t(-351)?
5
Let q(j) = -j**2 - 23*j + 488. Determine q(12).
68
Let w(a) = -3*a + 144. What is w(42)?
18
Let g(m) = -m**2 + 47*m + 431. Calculate g(-8).
-9
Let p(g) = -g**3 + 70*g**2 - 65*g - 295. What is p(69)?
-19
Let k(i) = 7948*i - 15915. What is k(2)?
-19
Let t(w) = 11*w**2 - 21*w - 46. What is t(-3)?
116
Let m(t) = 31*t + 311. Determine m(-10).
1
Let p(a) = a**3 + 7*a**2 + 17*a + 87. Determine p(-6).
21
Let w(a) = -a**3 - 12*a**2 + 5*a - 218. Calculate w(-14).
104
Let l(w) = w**3 + 4*w**2 - 64*w + 145. Determine l(-11).
2
Let a(p) = 39*p**2 - 4. Calculate a(2).
152
Let k(g) = 16*g + 155. Give k(-7).
43
Let q(o) = -312*o + 2514. Determine q(8).
18
Let t(l) = -53*l + 1591. Determine t(30).
1
Let d(y) = y**3 + 45*y**2 + 397*y + 31. Calculate d(-33).
-2
Let d(x) = -45*x - 347. Determine d(-9).
58
Let v(o) = 810*o + 4773. Determine v(-6).
-87
Let q(v) = -180*v - 4610. Give q(-26).
70
Let c(h) = -h**2 + 31*h - 95. Calculate c(3).
-11
Let g(o) = -4*o**3 - 187*o**2 - 147*o - 409. What is g(-46)?
5
Let g(q) = 2*q**2 + 49*q - 41. Calculate g(-26).
37
Let a(r) = -4*r**2 + 941*r - 19719. Give a(212).
-3
Let c(q) = q**3 - 20*q**2 + 47*q + 65. Calculate c(17).
-3
Let c(f) = -25*f**2 + 245*f - 200. Give c(9).
-20
Let k(l) = 3*l**3 - 19*l**2 - 27*l - 79. What is k(8)?
25
Let i(c) = 43*c**3 + 76*c**2 + 76*c - 1. Give i(-1).
-44
Let b(t) = -241*t**3 - t**2 - t - 1. Give b(-1).
240
Let s(u) = -3*u**2 - 88*u + 378. What is s(-33)?
15
Let c(y) = y**3 + 9*y**2 + 57*y + 308. Determine c(-7).
7
Let f(a) = -562*a - 1683. Give f(-3).
3
Let o(c) = -7*c**2 + 3*c + 1. Give o(-1).
-9
Let u(y) = -287*y + 4818. Give u(17).
-61
Let y(c) = 3*c**3 - 12*c**2 - 3*c - 8. Determine y(5).
52
Let n(b) = b**2 - 65*b + 297. What is n(5)?
-3
Let o(m) = -3*m**3 + 75*m**2 + 4*m - 93. Calculate o(25).
7
Let v(l) = 36*l - 13. What is v(3)?
95
Let q(p) = 3*p**3 + 45*p**2 - 36*p + 165. Calculate q(-16).
-27
Let g(h) = 12*h**2 + 456*h - 90. Calculate g(-38).
-90
Let d(k) = -k**3 - 41*k**2 - 288*k - 5. Calculate d(-9).
-5
Let q(u) = -u**2 + 2*u + 37. Determine q(9).
-26
Let b(z) = -z**2 - 64*z + 490. Calculate b(-70).
70
Let p(o) = o**2 + 14*o - 27. Determine p(-12).
-51
Let w(d) = -11*d**3 - 4*d**2 + 70*d + 1. Determine w(5).
-1124
Let w(z) = z**3 + 32*z**2 + 7*z + 203. Give w(-32).
-21
Let a(f) = 31*f + 952. Determine a(-31).
-9
Let v(r) = -r**2 + 24*r + 2. Determine v(28).
-110
Let x(z) = -2*z**3 - 38*z + 246. Give x(0).
246
Let w(n) = -n**3 + 41*n**2 + 131*n + 51. Determine w(44).
7
Let z(m) = -136*m**3 + m**2 - 35*m - 37. What is z(-1)?
135
Let c(m) = -3*m**2 - 291*m + 11904. Give c(31).
0
Let y(u) = -3*u**2 + 633*u + 5165. What is y(219)?
-91
Let i(l) = -13*l**2 - 40*l - 9. What is i(-3)?
-6
Let r(i) = i**3 - 20*i**2 + 3*i + 6. Give r(20).
66
Let m(a) = -140*a**3 + 2*a**2 - 3*a + 4. Determine m(2).
-1114
Let g(i) = -225*i - 856. Calculate g(-4).
44
Let h(z) = -137*z + 603. What is h(5)?
-82
Let a(v) = 3*v**2 + 46*v - 94. Determine a(-17).
-9
Let l(i) = i**2 - 55*i - 10348. Determine l(133).
26
Let b(m) = m**2 - 14*m + 49. What is b(8)?
1
Let m(b) = 516*b - 29402. Calculate m(57).
10
Let v(r) = r**3 - 26*r**2 + 66*r + 182. Give v(23).
113
Let l(q) = -q**3 + 11*q**2 + 3*q - 6. What is l(5)?
159
Let x(v) = 2*v**2 + 141*v - 400. Calculate x(-73).
-35
Let r(g) = 244*g + 491. Determine r(-3).
-241
Let l(q) = 3*q - 2. Give l(35).
103
Let t(b) = -b**3 - 20*b**2 - 24*b - 55. Give t(-19).
40
Let h(s) = -570*s + 2849. What is h(5)?
-1
Let n(i) = -i**2 - 10*i - 5. Give n(-8).
11
Let x(y) = 423*y + 112942. What is x(-267)?
1
Let k(g) = 2*g**2 - 23*g - 67. Calculate k(-3).
20
Let l(p) = 7*p**2 - 137*p + 57. Calculate l(19).
-19
Let v(i) = -i**3 + 75*i**2 - 6*i + 463. What is v(75)?
13
Let x(q) = 2*q**2 - 81*q - 181. Calculate x(40).
-221
Let u(x) = 4*x + 586. What is u(-12)?
538
Let u(r) = r**3 + 6*r**2 - 80*r - 249. Calculate u(-3).
18
Let l(m) = -m**3 + 57*m**2 + 448*m + 2. Give l(-7).
2
Let h(r) = -2*r**2 + 12*r + 23. Determine h(8).
-9
Let h(n) = -756*n - 3873. What is h(-5)?
-93
Let l(s) = -798*s + 3181. Calculate l(4).
-11
Let b(k) = 44*k + 343. Determine b(-8).
-9
Let i(g) = -2*g**2 + 1266*g - 73839. What is i(65)?
1
Let u(l) = 26*l**2 + 4*l + 17. Calculate u(-2).
113
Let v(l) = -l**2 - 12*l + 70. Determine v(-10).
90
Let p(y) = -3*y**2 + 41. Determine p(3).
14
Let t(b) = -7078*b - 7084. Determine t(-1).
-6
Let h(s) = s**3 - 9*s**2 + 10*s - 27. What is h(3)?
-51
Let p(v) = -v**3 + 24*v**2 - 62*v - 31. Calculate p(21).
-10
Let m(f) = 5*f**2 - 232*f - 1158. What is m(-5)?
127
Let o(q) = -19*q**2 - 14